{"version":"1.0","type":"rich","width":"560px","height":"140px","title":"Trauma TV: Gruseln vor der Glotze \u2013 Gespr\u00e4ch mit Patrick Lohmeier - Mit dem Filmpublizisten Patrick Lohmeier spreche ich \u00fcber sein neues Buchprojekt, in dem er sich mit au\u00dfergew\u00f6hnlichen Seherfahrungen (nicht nur) seiner Kindheit besch\u00e4ftigt.","url":"https:\/\/kinderfilmblog.de\/2022\/02\/kinderfilmpodcast-007-trauma-tv-gruseln-vor-der-glotze\/","author_name":"Kinderfilmpodcast \u2013 der Podcast zum Kinderfilmblog - Alles \u00fcber Kinderfilme: Interviews, Diskussionen, Kritiken","author_url":"https:\/\/kinderfilmblog.de","thumbnail_url":"http:\/\/kinderfilmblog.de\/wp-content\/uploads\/2016\/11\/kinderfilmblog-logo-2700x2700-2.png","html":"<iframe width=\"560px\" height=\"140px\" src=\"https:\/\/kinderfilmblog.de\/2022\/02\/kinderfilmpodcast-007-trauma-tv-gruseln-vor-der-glotze\/?standalonePlayer\"><\/iframe>"}

Trauma TV: Gruseln vor der Glotze – Gespräch mit Patrick Lohmeier - Mit dem Filmpublizisten Patrick Lohmeier spreche ich über sein neues Buchprojekt, in dem er sich mit außergewöhnlichen Seherfahrungen (nicht nur) seiner Kindheit beschäftigt.

Kinderfilmpodcast – der Podcast zum Kinderfilmblog - Alles über Kinderfilme: Interviews, Diskussionen, Kritiken
